. Let j be 13/(-4) + 4/16. Let s be h(j). What are the prime factors of (-8)/4*3/s?
3
Let t = 21 + -29. Let y be (-3)/(-2) - 892/t. What are the prime factors of 2/(-6)*(-16 - y)?
43
Let p be 15/35 - 25/(-7). Let g = p + -5. What are the prime factors of -24*(0 - -1)*g?
2, 3
Let d be -1*34*5/(-10). Suppose 3*m - d = -c, 17 = 3*c + 2. List the prime factors of m.
2
Let m(c) = c**3 - c**2 - c + 16. Let k = 57 - 39. Let a = -18 + k. What are the prime factors of m(a)?
2
Let v(y) = y**2 + 5*y - 4. Let q be v(-6). Let i(h) = -3*h + 4*h + h**q - 5 + 5*h - 3*h. What are the prime factors of i(-6)?
13
Let p be (12/(-7))/((-4)/14). Suppose 279 = p*s + 45. What are the prime factors of s?
3, 13
Let c(k) be the second derivative of -26*k**3/3 - k**2 + 8*k. List the prime factors of c(-2).
2, 3, 17
Suppose 2*y - 5442 = -3*d, 35*d - 32*d - 5*y - 5463 = 0. What are the prime factors of d?
2, 227
Suppose -2*a = 3*w - 28, -5*w - 3*a + 28 = -18. Suppose -3*h + 1 = -w. Suppose h*r = -j + 130, -r - 4*r - 3*j = -218. What are the prime factors of r?
43
Let b(a) = 2*a**2 - a + 3. Let c be b(5). Let s = 69 - c. Suppose -v = 5 - s. List the prime factors of v.
2
Let x(v) = 4*v**2 + 33*v - 5. Suppose -3*o = -26 + 5. Let f(n) = n**2 + 11*n - 2. Let r(c) = o*f(c) - 2*x(c). What are the prime factors of r(6)?
2, 13
Let b = 23 + -22. Let n be b*(-4 - -1) - 4. Let u = n - -27. What are the prime factors of u?
2, 5
Let r be ((-9)/15)/((-2)/10). What are the prime factors of ((-804)/3)/(-4) - r?
2
Let j(z) be the third derivative of -z**4/8 - 2*z**3/3 + 12*z**2. Suppose -2*f - 5 = 3. List the prime factors of j(f).
2
Suppose y + 21 = 4*q + 2*y, -5*q + 3*y = -5. Suppose q*d - 171 = 3*d. List the prime factors of d.
3, 19
Let d(i) = -i**2 + 14*i + 13. Let f = 26 + -14. Let y be d(f). List the prime factors of 2*(-4)/(-8)*y.
37
Suppose 4*h - 14 = -3*h. Suppose -g + 24 = -3*w, 3*g + 3*w - 48 = -h*g. List the prime factors of g.
2, 3
Suppose w - 2*a = 158, 0*a - 4*a = 5*w - 860. Suppose -11*b + 591 = -w. What are the prime factors of b?
3, 23
Let x be (-7)/(-7)*(-1 - -4). Suppose t - 52 = 4*z + x, t + 3*z - 34 = 0. List the prime factors of t.
43
Suppose 11*k - 421 = -i + 8*k, 0 = i - 2*k - 426. List the prime factors of i.
2, 53
Let n(k) = 3*k. Let y(r) = 2*r + 1. Let m(u) = -5*n(u) + 6*y(u). What are the prime factors of m(-4)?
2, 3
Let g be (-16)/(-36)*3*(1 + 2). List the prime factors of (-3)/g + 1676/16.
2, 13
Let l = -126 + 176. What are the prime factors of l?
2, 5
Suppose -2*z - 599 = -h - 3*z, 0 = 4*z + 12. List the prime factors of h.
2, 7, 43
Suppose 0 = -2*p - 5*p + 3010. What are the prime factors of p?
2, 5, 43
What are the prime factors of 6/(-21) + 2*422/14?
2, 3, 5
List the prime factors of 6760/9 - 20/180.
751
What are the prime factors of (-4679)/(-3) - 148/(-111)?
7, 223
Suppose 6*p = 5*j + 4*p - 3028, 3*p - 609 = -j. List the prime factors of j.
2, 3, 101
Suppose -5036 = -9*x + 13027. What are the prime factors of x?
3, 223
Let n = 46 - 63. List the prime factors of (5*n + -2)*-1.
3, 29
Suppose 10*r - 2*g = 9*r + 139, 0 = 5*r - 4*g - 695. List the prime factors of r.
139
Suppose -p + 4 = -3*o, -4*o - p - 6 = -2*o. What are the prime factors of (o/(-4))/(2/232)?
2, 29
Let i(k) be the third derivative of -1/60*k**5 + 0 + 11/24*k**4 - 5/6*k**3 - 5*k**2 + 0*k. What are the prime factors of i(6)?
5
Suppose 0 = 3*a + 12, 2*a = -4*o - a - 4. Suppose -q - 911 = -4*n, o*q = -4*n + 223 + 691. What are the prime factors of n?
2, 3, 19
Let s be ((-1316)/10)/(((-24)/15)/8). Suppose -s = -7*o + 595. What are the prime factors of o?
179
Suppose 2*i = -0*i - i. Let w(n) = -n**3 + n**2 - n + 149. What are the prime factors of w(i)?
149
Let t(c) be the first derivative of 4*c**2 + 36*c - 16. List the prime factors of t(5).
2, 19
Suppose -2*g + 266 = -3*g. Let h be ((-3)/2)/((-7)/g). Let q = 83 + h. What are the prime factors of q?
2, 13
Suppose 4*k - 2293 = 2*k - 5*b, 3*b = -2*k + 2283. List the prime factors of k.
2, 3, 7
Let h(i) be the first derivative of -5*i**2/2 - 5*i + 9. List the prime factors of h(-11).
2, 5
Let i(g) = -470*g**3 + g - 2. Let z be i(1). List the prime factors of z*(-2)/(4 + 2).
157
Suppose 515 = -3*y + 2*q, -3*q + 5*q + 340 = -2*y. List the prime factors of 3 + y/(-4) - 9/12.
3, 5
Let p(v) = -2 - 4 - 3*v**2 + v**3 + 2 - 5*v**2 + 8 - 7*v. Suppose 0 = f - 0*f - 9. List the prime factors of p(f).
2, 11
Let b(o) = 52*o - 6. Let m(k) = -26*k + 3. Let g(a) = 6*b(a) + 13*m(a). List the prime factors of g(-3).
3
Let w = -2061 + 3419. What are the prime factors of w?
2, 7, 97
Let g = -40 - -99. Let h = 39 + g. What are the prime factors of h?
2, 7
Let i be 7/((-7)/(-2)) - 0. Let y(v) = 6*v**2 + 2*v**i + 3*v**2 - 2*v**2 + v. What are the prime factors of y(-1)?
2
Suppose 2*b + 228 = h - 5*h, -5*b - 2*h - 578 = 0. Let p = b - -166. Let v = 89 - p. What are the prime factors of v?
3, 13
Suppose 3*q = -4*h + 5*h - 1003, -2014 = -2*h + 4*q. What are the prime factors of h?
5, 7, 29
Suppose -100 = -s - 4*s. Suppose 0 = 5*z - 2*a - 243 - 452, -4*a + s = 0. List the prime factors of z.
3, 47
What are the prime factors of ((-74803)/(-62))/((-14)/(-4) + -3)?
19, 127
Suppose -23*f = -18*f - 2465. What are the prime factors of f?
17, 29
Suppose -2*k - 5*k + 2044 = 0. Suppose -k = -p - 3*p. List the prime factors of p.
73
Let b(s) = 5*s - 13. Let d be b(3). Suppose 0 = -2*q + d*o + 200, 3*q - 299 = -0*o + 4*o. What are the prime factors of q?
101
Let a(k) = k**2 - 3*k + 1358. List the prime factors of a(0).
2, 7, 97
Suppose v = 4*v - 24. Suppose 2*p - 9 = -2*a + 5*p, 4*a + 2*p = 10. Suppose -v*b + a*b + 140 = 0. What are the prime factors of b?
2, 7
Suppose 15 = -4*s + s, -4*g + 38 = -2*s. Suppose 856 = 4*m + 4*f, g*m - 3*m - 3*f = 856. List the prime factors of m.
2, 107
Suppose -3*l = -2*g + 2038, -4*g + 2446 + 1630 = l. What are the prime factors of g?
1019
Let x(o) = 580*o**2 - 2*o - 1. What are the prime factors of x(1)?
577
Let w be 62/(-5)*10/2. Let o(n) = -9*n - 78. Let x be o(-8). What are the prime factors of (w/x + -4)*3?
19
Let a = -25 + 4. Let b = -15 - a. List the prime factors of 6/(-4)*(-8)/b.
2
Let h(c) = 36*c - 7. What are the prime factors of h(9)?
317
Suppose 6*b - 2720 - 12268 = 0. List the prime factors of b.
2, 1249
Suppose -35*f = -36*f + 76. Suppose 128*j = 127*j + f. List the prime factors of j.
2, 19
Suppose -5*o + 10 = -0. Suppose r - o*k - 8 = -4*k, 0 = 5*r + 5*k - 30. Suppose -r*p - p = -75. List the prime factors of p.
3, 5
Suppose 321 = 3*g - 4*p, 0 = -11*p + 8*p - 9. List the prime factors of g.
103
Suppose 2*k + 5*p = 11, 5*p - 20 = 3*k + 26. Let b(i) be the second derivative of i**4/12 + 5*i**3/6 - 2*i**2 + 49*i. List the prime factors of b(k).
2, 5
Suppose -180 = -3*f - 3*c, c = -5*f + 5*c + 273. Suppose 601 = 5*o + p, -o + 4*p + f = -80. Let r = -48 + o. What are the prime factors of r?
73
Suppose 5*g - 1356 = 3*c + 1026, -4*g + 1908 = -3*c. List the prime factors of g.
2, 3, 79
Let j(x) = x - 4. Let w be j(3). Let d be 42*(5/(-2) - w). What are the prime factors of d/(-1) + -11 + 7?
59
Suppose -2*w - o - 3*o = 4, 3*o = -w - 4. List the prime factors of ((-2884)/(-9))/w - 8/36.
2, 5
Let s(y) = -3*y - 66. Let k be s(0). Let a = k - -95. What are the prime factors of a?
29
Let f = -36 - -61. Let o = f - 30. Let p(i) = 2*i**2 + 7*i + 5. List the prime factors of p(o).
2, 5
Suppose 3158 = 19*t - 34614. List the prime factors of t.
2, 7, 71
Let d(t) = -12*t + 4. List the prime factors of d(-48).
2, 5, 29
Suppose 102*g = 103*g - 394. Suppose -a + 5*f + g = 2*a, -251 = -2*a + f. What are the prime factors of a?
3, 41
Let c = -19 - -24. Suppose 22 = c*i - 8. Suppose 0 = -3*k + i*k - 9. List the prime factors of k.
3
Let x be (885/6 + 0)*(-12)/(-10). Let s = x - 83. What are the prime factors of s?
2, 47
Let i(j) = 44*j - 3. What are the prime factors of i(7)?
5, 61
Let i(a) = -2*a + 7. Let u(s) = -3*s + 11. Let f(b) = 7*i(b) - 5*u(b). Let p be f(10). Suppose p*k - 16 = 20. What are the prime factors of k?
3
Let i(x) = 295*x + 255. List the prime factors of i(19).
2, 5, 293
Let j(a) be the first derivative of -10 + 1/2*a**2 + 1/3*a**3 + 2*a. List the prime factors of j(-2).
2
Suppose 0 = -g - 0*g - 20. What are the prime factors of (-94)/(-